dreds digit of 29531?
5
What is the ten millions digit of 11165222?
1
What is the thousands digit of 39986?
9
What is the hundred thousands digit of 13484360?
4
What is the thousands digit of 823619?
3
What is the ten thousands digit of 756848?
5
What is the millions digit of 2702155?
2
What is the hundred thousands digit of 1967931?
9
What is the units digit of 1115503?
3
What is the thousands digit of 459658?
9
What is the units digit of 2020477?
7
What is the thousands digit of 789961?
9
What is the tens digit of 4497486?
8
What is the units digit of 2104832?
2
What is the thousands digit of 78843?
8
What is the ten thousands digit of 4145635?
4
What is the hundred thousands digit of 2617056?
6
What is the hundreds digit of 966006?
0
What is the millions digit of 1387402?
1
What is the hundred thousands digit of 4039206?
0
What is the thousands digit of 216149?
6
What is the ten thousands digit of 23341044?
4
What is the ten thousands digit of 2753043?
5
What is the thousands digit of 156190?
6
What is the units digit of 178630?
0
What is the hundred thousands digit of 168458?
1
What is the hundreds digit of 15456584?
5
What is the millions digit of 6075433?
6
What is the hundred thousands digit of 295773?
2
What is the tens digit of 784913?
1
What is the hundreds digit of 12944978?
9
What is the hundred thousands digit of 5903225?
9
What is the hundred thousands digit of 8118495?
1
What is the hundreds digit of 1220268?
2
What is the hundreds digit of 62597?
5
What is the units digit of 540?
0
What is the hundred thousands digit of 32345293?
3
What is the hundred thousands digit of 2888355?
8
What is the millions digit of 3267128?
3
What is the hundreds digit of 1803141?
1
What is the units digit of 2435707?
7
What is the tens digit of 4109219?
1
What is the thousands digit of 1030769?
0
What is the hundreds digit of 3483738?
7
What is the units digit of 819860?
0
What is the thousands digit of 7612187?
2
What is the tens digit of 1081722?
2
What is the tens digit of 2897210?
1
What is the units digit of 2946480?
0
What is the hundred thousands digit of 1659790?
6
What is the ten thousands digit of 5083627?
8
What is the ten thousands digit of 103543?
0
What is the hundreds digit of 1070?
0
What is the hundred thousands digit of 14552672?
5
What is the tens digit of 302023?
2
What is the units digit of 325425?
5
What is the ten thousands digit of 3498189?
9
What is the ten thousands digit of 3746293?
4
What is the ten thousands digit of 682906?
8
What is the hundred thousands digit of 15354723?
3
What is the units digit of 5939820?
0
What is the units digit of 19969337?
7
What is the hundreds digit of 503237?
2
What is the hundreds digit of 12883134?
1
What is the tens digit of 31653567?
6
What is the hundred thousands digit of 178280?
1
What is the tens digit of 2557209?
0
What is the hundred thousands digit of 107187?
1
What is the hundred thousands digit of 190280?
1
What is the thousands digit of 876404?
6
What is the hundred thousands digit of 17348216?
3
What is the units digit of 387183?
3
What is the units digit of 219189?
9
What is the hundreds digit of 147510?
5
What is the ten thousands digit of 1751410?
5
What is the hundred thousands digit of 13734353?
7
What is the hundreds digit of 522546?
5
What is the tens digit of 27752339?
3
What is the thousands digit of 395033?
5
What is the thousands digit of 116246?
6
What is the hundreds digit of 11320835?
8
What is the units digit of 208042?
2
What is the hundreds digit of 2942540?
5
What is the hundreds digit of 8788201?
2
What is the millions digit of 4476782?
4
What is the tens digit of 238506?
0
What is the ten thousands digit of 443887?
4
What is the thousands digit of 4586013?
6
What is the ten thousands digit of 202753?
0
What is the millions digit of 2581577?
2
What is the tens digit of 935175?
7
What is the hundreds digit of 1138512?
5
What is the tens digit of 600400?
0
What is the thousands digit of 403569?
3
What is the tens digit of 906922?
2
What is the ten thousands digit of 31789588?
8
What is the ten thousands digit of 14456830?
5
What is the hundred thousands digit of 6003088?
0
What is the units digit of 19018690?
0
What is the thousands digit of 689777?
9
What is the hundreds digit of 7687348?
3
What is the tens digit of 262997?
9
What is the thousands digit of 13893004?
3
What is the hundreds digit of 51036?
0
What is the hundreds digit of 106688?
6
What is the hundreds digit of 4436386?
3
What is the tens digit of 30640765?
6
What is the hundred thousands digit of 5017482?
0
What is the tens digit of 5075057?
5
What is the hundred thousands digit of 147590?
1
What is the hundred thousands digit of 223930?
2
What is the millions digit of 5827521?
5
What is the tens digit of 117199?
9
What is the tens digit of 1668662?
6
What is the units digit of 3860124?
4
What is the tens digit of 1634946?
4
What is the units digit of 516078?
8
What is the units digit of 4574250?
0
What is the hundred thousands digit of 2739741?
7
What is the hundreds digit of 2861423?
4
What is the ten thousands digit of 568215?
6
What is the thousands digit of 178434?
8
What is the hundreds digit of 5908639?
6
What is the units digit of 1425712?
2
What is the hundreds digit of 383502?
5
What is the units digit of 47780?
0
What is the hundred thousands digit of 406042?
4
What is the units digit of 209767?
7
What is the ten thousands digit of 22115729?
1
What is the tens digit of 206166?
6
What is the tens digit of 168217?
1
What is the thousands digit of 141724?
1
What is the millions digit of 4753333?
4
What is the ten thousands digit of 73643?
7
What is the ten thousands digit of 13736214?
3
What is the hundred thousands digit of 2704037?
7
What is the units digit of 4729648?
8
What is the ten thousands digit of 95347?
9
What is the millions digit of 3304086?
3
What is the units digit of 14129640?
0
What is the thousands digit of 4694674?
4
What is the tens digit of 12692?
9
What is the hundred thousands digit of 1724753?
7
What is the thousands digit of 1254550?
4
What is the tens digit of 1098523?
2
What is the ten millions digit of 13208561?
1
What is the units digit of 314768?
8
What is the ten thousands digit of 302355?
0
What is the hundreds digit of 455940?
9
What is the tens digit of 16442021?
2
What is the hundred thousands digit of 125375?
1
What is the hundred thousands digit of 2487611?
4
What is the ten thousands digit of 2145004?
4
What is the units digit of 261068?
8
What is the hundred thousands digit of 2106702?
1
What is the tens digit of 1722107?
0
What is the units digit of 285617?
7
What is the ten thousands digit of 909472?
0
What is the units digit of 223013?
3
What is the hundred thousands digit of 262299?
2
What is the units digit of 59523?
3
What is the ten thousands digit of 5447301?
4
What is the ten thousands digit of 15187555?
8
What is the hundred thousands digit of 4858654?
8
What is the hundreds digit of 732252?
2
What is the thousands digit of 272843?
2
What is the ten thousands digit of 94967?
9
What is the hundred thousands digit of 429056?
4
What is the thousands digit of 638893?
8
What is the tens digit of 737700?
0
What is the tens digit of 697981?
8
What is the hundreds digit of 372189?
1
What is the millions digit of 2266858?
2
What is the units digit of 2008366?
6
What is the hundreds digit of 17743228?
2
What is the hundred thousands digit of 832984?
8
What is the hundred thousands digit of 6604841?
6
What is the ten thousands digit of 87395?
8
What is the hundreds digit of 12854643?
6
What is the hundred thousands digit of 183688?
1
What is the ten thousands digit of 464101?
6
What is the tens digit of 466566?
6
What is the ten thousands digit of 354921?
5
What is the thousands digit of 497867?
7
What is the millions digit of 12672948?
2
What is the hundred thousands digit of 2182235?
1
What is the hundred thousands digit of 192327?
1
What is the ten thousands digit of 71504?
7
What is the hundreds digit of 11185344?
3
What is the tens digit of 21209255?
5
What is the units digit of 6389612?
2
What is the millions digit of 1353838?
1
What is the hundred thousands digit of 22012492?
0
What is the units digit of 8771531?
1
What is the tens dig